b(-21).
208
Let x = -366 - -371. Suppose 19*l = 23*l + 2*a - 126, 2*l - 59 = -x*a. Calculate the remainder when l is divided by 17.
15
Suppose -5*v - 3 - 12 = -5*z, 3*z = -3*v + 27. Let m be 31924/207 - (22/18 + -1). Suppose l = -6*l + m. Calculate the remainder when l is divided by z.
4
Suppose 2*u - 1206 = p, -u + 28 + 585 = 2*p. Calculate the remainder when u is divided by 19.
16
Let s(q) = 7*q + 88. Calculate the remainder when 37 is divided by s(-12).
1
Let n be (9 - 208/24)/(1/537). Suppose 5*g + 59 = n. Let i(k) = k**2 + 4*k + 4. What is the remainder when g is divided by i(-4)?
0
Let g(n) = -3*n**3 + 26*n**2 + 40*n - 16. Suppose 2*h = -3*h. Let u = h - -62. Calculate the remainder when u is divided by g(-2).
30
Suppose -27*o - 6 = -28*o. Let b(l) = 4*l + 6 - 8 - o*l. What is the remainder when 21 is divided by b(-4)?
3
Let k(n) = n**2 - 62*n + 703. What is the remainder when k(58) is divided by 19?
15
Let i be 3/(2 + (-5)/10). Let s(m) = 10*m - 3. Calculate the remainder when s(i) is divided by (1 + -5)/8*-14.
3
Let h(n) = -n**3 - 8*n**2 - 4*n + 3. Let o = 42226 - 42207. Calculate the remainder when h(-8) is divided by o.
16
Let b be 1/((-66)/34 - -2). Let k(q) = q**2 + 33*q - 162. Let d be k(5). Suppose d = 3*n - b. What is the remainder when 44 is divided by n?
14
Let u(s) = -s**2 - 42*s - 112. Suppose 312 - 84 = -6*o. Calculate the remainder when 838 is divided by u(o).
38
Calculate the remainder when 323 is divided by (-2)/(-7)*39711/366.
13
Let i be -1 + (-5)/((-35)/(-2051)). Let p = i + 330. Calculate the remainder when p is divided by 23.
13
Let o(y) = 8*y**2 - 2*y - 3. Let t be o(-3). Let v = 90 - t. Calculate the remainder when 119 is divided by v.
14
Let x = -112 + 120. What is the remainder when x is divided by 15*3/(-9)*-1?
3
Let a = -4 + 14. Let v(z) = 13*z - 28 - a*z - 7*z. What is the remainder when 78 is divided by v(-12)?
18
Let o be (-3)/3 - -1 - 0 - -6. Suppose 0 = -48*p + 47*p - o. What is the remainder when 49 is divided by (-249)/(-9) - p/(-9)?
22
Suppose 156*a - 65186 + 6791 = -73*a. Calculate the remainder when 417 is divided by a.
162
Let c be 0/((-96)/51 - 4/34). Suppose 3*t - 3*s = -6*s + 42, c = -4*t + 4*s + 88. What is the remainder when 52 is divided by t?
16
Calculate the remainder when 5 + 4 - -426 - (-1 - (1 - -1)) is divided by 88.
86
Let p = -34 + 38. Suppose p*y - 22 = -2*x, x - 4*x = -y + 2. Calculate the remainder when (x + -4 + 2)*(2 - 77) is divided by 19.
18
Let w = 3118 + -2995. Calculate the remainder when w is divided by 35.
18
Let r(c) = 3*c**2 + 70*c + 19. Let v be r(-23). Let m(k) = -16*k - 27. Calculate the remainder when 184 is divided by m(v).
36
Let t(q) = q + 3. Let j be t(5). Let o be (-2)/((-2)/j*(-4)/(-62)). Let k = -112 + o. What is the remainder when 95 is divided by k?
11
Let d(j) = -4*j + 31. Calculate the remainder when 6/10 - 2364/(-10) is divided by d(6).
6
Suppose 3*z + 928*z = 39102. Let j(t) = t**3 + 9*t**2 + 9*t + 12. Calculate the remainder when z is divided by j(-8).
2
Let o = -140 + 170. Suppose -o*v = -21*v - 171. What is the remainder when 32 is divided by v?
13
Let i = 9095 + -6555. Calculate the remainder when i is divided by 42.
20
Suppose 2*g - 31 = 27. Let q = 49 + -34. Suppose 0 = -5*p + 6*p - q. Calculate the remainder when g is divided by p.
14
Let c(i) = 2*i**2 - 10*i - 302. Calculate the remainder when c(-13) is divided by 63.
40
Let m(l) = 3148*l**2 + 2*l + 7. What is the remainder when m(1) is divided by 20?
17
Let p(a) = 14*a**3 + 7*a**2 + 4*a - 7. Let i(h) = h**2 + h - 1. Let j(z) = 3*i(z) - p(z). Calculate the remainder when j(-2) is divided by 42.
18
Let f(q) = 3*q**2 + 14*q + 6. Suppose 12 = -7*p - 23. Let z = 479 - 405. Calculate the remainder when z is divided by f(p).
8
Let p(v) = -2*v**2 + 53*v + 29. Let i be p(27). Suppose i*y + 125 = 5*q + 4*y, -2*q + 50 = 2*y. What is the remainder when 372 is divided by q?
22
Let j = 12451 - 12448. What is the remainder when 579 is divided by j?
0
Suppose -20584*b + 20607*b - 3059 = 0. What is the remainder when 473 is divided by b?
74
Suppose -5*i + y + 14 = -88, -96 = -4*i - 4*y. Suppose 23 = 2*v + 1. Let j = -2 + v. Calculate the remainder when i is divided by j.
3
Let g be (-4)/(-6) + (-286)/(-66). Suppose -g*d + 3*n = 7*n - 1370, 0 = -2*d + 2*n + 530. Calculate the remainder when d is divided by 28.
18
Suppose 4*s + 3*z - 17 = 8*z, -3*z = s. Suppose -4*h + 79 = 5*b, s*h - b = 4*h - 19. Calculate the remainder when 303 is divided by h.
15
Suppose 0 = 5*d - 10, 3*b - 3*d - 15 = -0. What is the remainder when 3*b/((-42)/(-1614)) is divided by 27?
24
Suppose 2*c + 215 + 391 = 0. Let s = c + 895. Calculate the remainder when s is divided by 85.
82
What is the remainder when 544 is divided by (-3726)/(-1173) - (-9)/(-51)?
1
Let c be 2*4/(-44) + (-39)/(-33). Calculate the remainder when (-1236)/(-24) - ((-12)/8)/c is divided by 7.
4
Suppose -51 = -2*z + 401. Calculate the remainder when z is divided by 8 - (-66)/((-48)/(-8)).
17
Suppose 2*t - 468 = 348. Let a = 421 - t. What is the remainder when 25 is divided by a?
12
Let h = 52 + -48. Suppose 0 = h*d + 2*y - 3*y - 50, -70 = -5*d + 5*y. What is the remainder when 1 + 160/d - 4/12 is divided by 4?
2
Suppose 5*a - 10*a = -10. Let m be -2 + (2 - (-4)/a). Calculate the remainder when 16 is divided by (6 - m) + -3 + (-1 - -3).
1
Let i(z) = -z**3 - 4*z**2 - 5*z. Suppose 716*a + 600 = 724*a. Suppose a*m + 826 = 89*m. Calculate the remainder when m is divided by i(-4).
19
Let j be ((-1)/(-2) - 430/(-4)) + 5. Suppose 5*m - 22 - j = 0. Calculate the remainder when 53 is divided by m.
26
Suppose p - 18 = -0*p. Let b be (-156)/(-16)*(-16)/(-6). Let q = b + 45. What is the remainder when q is divided by p?
17
Suppose h + 2*h = 5*g + 197, 4*g = 4*h - 268. Suppose -h = -9*u + 48. Calculate the remainder when 38 is divided by u.
12
Let d(x) = 2*x**2 + 20*x + 198. Suppose -2*m + 2*a = 24, 34*m - a = 38*m + 53. Calculate the remainder when d(m) is divided by 70.
66
Let f be 20*(0 + -3 + 5). Suppose f = r - 42. Suppose 3*j = -j - 8, x - 4*j = r. What is the remainder when x is divided by 19?
17
Let j = 521 + -346. Let v = 188 - j. What is the remainder when 127 is divided by v?
10
Let y(w) be the second derivative of -w**3/6 - 21*w**2/2 + w. Let j be y(9). What is the remainder when (j/(-105))/(1/133) is divided by 8?
6
Suppose 11*v - 11860 = 1681. What is the remainder when v is divided by 41?
1
Let t = 41 + 153. Suppose 2*i - 186 = t. Let m(x) = x**2 + 3*x - 8. What is the remainder when i is divided by m(-8)?
30
Let j = -190 - -133. Let a = 63 + j. Suppose 4*g = -4*t + 52 - 4, -2*g + a = 0. What is the remainder when 33 is divided by t?
6
Suppose 3*z + 60 = 2*j, 8 = -10*z + 6*z. Suppose -u + 77 + 83 = 0. What is the remainder when u is divided by j?
25
Suppose 7*f - 2*f = 30. Calculate the remainder when (-3)/(-3) + 32 + 8/8 is divided by f.
4
Suppose 12*c - 96*c + 13524 = 0. What is the remainder when c is divided by 95?
66
Let v = -11 - -22. Let w be 111 - ((-1 - -4) + -1) - -3. What is the remainder when 86/(-4 - w/(-24)) is divided by v?
8
Suppose 3*o = -4*t + 36, -7*o + 2*t = -2*o - 34. Let k = o + -2. Let c(i) = i**3 - 8*i**2 + 7*i + 4. Calculate the remainder when k is divided by c(7).
2
Suppose 4*p - 5*y - 1323 = 0, 0 = y - 12 + 11. Let o = p + -303. Suppose -342 = -j - j. What is the remainder when j is divided by o?
26
Let y(w) = -w**3 + 33*w**2 - 31*w - 37. Let t be y(32). Let m = t - -59. What is the remainder when 215 is divided by m?
53
Suppose -23*t - 45*t + 80444 = 0. Calculate the remainder when t is divided by 74.
73
Let z(f) = 2*f**2 + 13*f + 27. Let b be z(-6). Suppose b*y = 11*y + 670. Calculate the remainder when y is divided by 17.
16
Let u = 26 - 20. Let j be u/(-15) + (-126)/10. Let i(r) = -5*r - 2. Calculate the remainder when i(j) is divided by 33.
30
Calculate the remainder when (-703)/(3/(-27)*3) is divided by 14.
9
Let p(b) = 7*b**2 + 2*b + 365. Calculate the remainder when p(10) is divided by 270.
5
Let l = 746 + -726. Calculate the remainder when 4 + -2 - 136/(-4) is divided by l.
16
Let p(t) = 2*t**3 - 7*t**2 - 7*t - 11. Let i be p(7). Suppose 3*q = -199 + i. What is the remainder when 249 is divided by q?
25
Suppose 8*f - 58 = 14. Suppo